ainder when 6769311 is divided by 18.
15
What is the remainder when 76359 is divided by 83?
82
What is the remainder when 12112218 is divided by 410?
408
Calculate the remainder when 1445297 is divided by 6560.
2097
What is the remainder when 127571 is divided by 2506?
2271
What is the remainder when 5754 is divided by 1923?
1908
Calculate the remainder when 1126539 is divided by 21.
15
What is the remainder when 350677 is divided by 4435?
312
What is the remainder when 331915072 is divided by 8?
0
Calculate the remainder when 377771 is divided by 190.
51
What is the remainder when 111261 is divided by 111245?
16
What is the remainder when 259034 is divided by 1636?
546
Calculate the remainder when 859879 is divided by 581.
580
What is the remainder when 74070 is divided by 2139?
1344
What is the remainder when 192484 is divided by 64161?
1
What is the remainder when 186027 is divided by 464?
427
What is the remainder when 180148 is divided by 188?
44
What is the remainder when 31444 is divided by 7840?
84
What is the remainder when 14504 is divided by 748?
292
Calculate the remainder when 3465997 is divided by 328.
21
What is the remainder when 63433 is divided by 21112?
97
What is the remainder when 9245431 is divided by 98?
13
What is the remainder when 56531380 is divided by 364?
360
What is the remainder when 5493428 is divided by 784770?
38
What is the remainder when 129455 is divided by 1044?
1043
Calculate the remainder when 4018129 is divided by 760.
9
What is the remainder when 50945 is divided by 50838?
107
What is the remainder when 294226508 is divided by 989?
986
Calculate the remainder when 32223859 is divided by 22.
19
What is the remainder when 68728 is divided by 95?
43
Calculate the remainder when 1136245 is divided by 87384.
253
What is the remainder when 48015 is divided by 23970?
75
What is the remainder when 44099474 is divided by 8568?
8546
What is the remainder when 6945134 is divided by 415?
109
Calculate the remainder when 4574070 is divided by 1076.
1070
Calculate the remainder when 19634097 is divided by 78.
15
What is the remainder when 60353 is divided by 14896?
769
Calculate the remainder when 39130 is divided by 519.
205
Calculate the remainder when 12248 is divided by 2398.
258
Calculate the remainder when 1582727981 is divided by 51.
50
Calculate the remainder when 625603 is divided by 208529.
16
Calculate the remainder when 222385 is divided by 579.
49
What is the remainder when 5707851 is divided by 1232?
1227
What is the remainder when 118241 is divided by 117729?
512
What is the remainder when 124276365 is divided by 297?
279
What is the remainder when 4725500 is divided by 14?
10
Calculate the remainder when 262486 is divided by 43742.
34
Calculate the remainder when 81379 is divided by 4414.
1927
What is the remainder when 1999045 is divided by 52595?
435
Calculate the remainder when 5763588 is divided by 35.
33
Calculate the remainder when 292998 is divided by 82.
12
Calculate the remainder when 232323 is divided by 16471.
1729
Calculate the remainder when 2344111 is divided by 61687.
5
What is the remainder when 560571791 is divided by 37?
35
Calculate the remainder when 41185 is divided by 3833.
2855
What is the remainder when 5583655 is divided by 1861205?
40
Calculate the remainder when 34105 is divided by 160.
25
What is the remainder when 1353657 is divided by 13?
6
What is the remainder when 6326 is divided by 2912?
502
What is the remainder when 359051 is divided by 25593?
749
Calculate the remainder when 152625087 is divided by 561.
549
Calculate the remainder when 884720 is divided by 147341.
674
Calculate the remainder when 698601 is divided by 30.
21
What is the remainder when 2224459 is divided by 1931?
1878
Calculate the remainder when 65596763 is divided by 33.
23
What is the remainder when 63673 is divided by 436?
17
What is the remainder when 1423590 is divided by 14968?
1630
Calculate the remainder when 1516320 is divided by 758155.
10
What is the remainder when 5535280 is divided by 141929?
49
What is the remainder when 133096214 is divided by 1012?
1010
What is the remainder when 279954 is divided by 3773?
752
What is the remainder when 239771 is divided by 26635?
56
Calculate the remainder when 933433 is divided by 3826.
3715
Calculate the remainder when 3758024 is divided by 1878851.
322
Calculate the remainder when 1752394 is divided by 876190.
14
Calculate the remainder when 1077425 is divided by 59834.
413
Calculate the remainder when 23425946 is divided by 556.
554
Calculate the remainder when 47257 is divided by 9325.
632
Calculate the remainder when 2455692 is divided by 441.
204
What is the remainder when 164863 is divided by 304?
95
What is the remainder when 104415532 is divided by 18?
16
What is the remainder when 2699075 is divided by 14830?
15
What is the remainder when 262783057 is divided by 1741?
1740
Calculate the remainder when 73565 is divided by 562.
505
Calculate the remainder when 2756393 is divided by 304.
25
Calculate the remainder when 30270 is divided by 3009.
180
What is the remainder when 9264922 is divided by 421132?
18
What is the remainder when 2817305 is divided by 1408645?
15
What is the remainder when 553825797 is divided by 830?
827
Calculate the remainder when 1050620 is divided by 1310.
0
What is the remainder when 469663 is divided by 4049?
4028
Calculate the remainder when 428342 is divided by 9518.
32
Calculate the remainder when 233957085 is divided by 10.
5
What is the remainder when 959063 is divided by 18443?
27
What is the remainder when 17186 is divided by 11103?
6083
Calculate the remainder when 2386336 is divided by 20223.
22
What is the remainder when 5423511 is divided by 180?
111
What is the remainder when 4441664 is divided by 29?
24
Calculate the remainder when 5889713 is divided by 9687.
17
What is the remainder when 4492477 is divided by 8656?
13
What is the remainder when 27640798 is divided by 1200?
1198
What is the remainder when 165376 is divided by 372?
208
What is the remainder when 347717 is divided by 985?
12
What is the remainder when 63190 is divided by 11390?
6240
Calculate the remainder when 10358527 is divided by 34760.
47
Calculate the remainder when 194545 is divided by 192785.
1760
What is the remainder when 2218023 is divided by 685?
678
What is the remainder when 42868881 is divided by 232983?
9
What is the remainder when 1712529 is divided by 41768?
41
Calculate the remainder when 214388209 is divided by 13.
9
What is the remainder when 5444542 is divided by 15?
7
Calculate the remainder when 21732 is divided by 561.
414
What is the remainder when 10475502 is divided by 4861?
47
What is the remainder when 956573 is divided by 1654?
561
Calculate the remainder when 2209592 is divided by 1088.
952
What is the remainder when 278726 is divided by 1991?
1977
What is the remainder when 13634927 is divided by 131105?
7
What is the remainder when 1294507 is divided by 323592?
139
What is the remainder when 8718537 is divided by 21?
9
What is the remainder when 81545305 is divided by 31509?
13
Calculate the remainder when 29498676 is divided by 172.
160
Calculate the remainder when 325245 is divided by 192.
189
What is the remainder when 484190 is divided by 272?
30
What is the remainder when 85657 is divided by 38381?
8895
What is the remainder when 8512469 is divided by 757?
4
Calculate the remainder when 4589212 is divided by 5631.
5578
Calculate the remainder when 338440 is divided by 2686.
4
What is the remainder when 34671 is divided by 3068?
923
What is the remainder when 5967907 is divided by 173?
99
What is the remainder when 926304 is divided by 1764?
204
Calculate the remainder when 33002641 is divided by 56.
49
Calculate the remainder when 3931065 is divided by 1310348.
21
What is the remainder when 5952869 is divided by 2577?
2576
Calculate the remainder when 74411 is divided by 621.
512
What is the remainder when 666638 is divided by 17092?
50
Calculate the remainder when 6546082 is divided by 69639.
16
Calculate the remainder when 8600812 is divided by 1945.
22
What is the remainder when 3931439 is divided by 24119?
42
Calculate the remainder when 1772997 is divided by 1000.
997
Calculate the remai